-w. Calculate the remainder when w is divided by x(-3).
3
Suppose 0 = -2*m + 16 - 8. Let y(s) = -s**3 + 7*s**2 - 6*s + 5. What is the remainder when y(6) is divided by m?
1
Suppose 0 = -4*y - 12, -267 = k - 3*k + y. Let c = k - 59. Suppose 208 = 5*v + c. What is the remainder when v is divided by 14?
13
Let o be (36/10)/((-2)/(-10)). Suppose g = -0*t + 4*t + 6, -5*t = -3*g + o. What is the remainder when 22 is divided by g?
4
Let o(v) = -2*v + 5. Let d(l) = -l + 6. Let i(m) = 3*d(m) - 2*o(m). Suppose 0 = 2*j + j + 3, 3*u + j = 137. Calculate the remainder when u is divided by i(8).
14
What is the remainder when 94*((-3)/2 - -2) is divided by 12?
11
Let u = -7 + 11. What is the remainder when u/10 - 184/(-40) is divided by 2?
1
Let z(s) = -4*s - 8. Let a be z(-6). Suppose 0 = -3*i + a + 2. Calculate the remainder when 21 is divided by i.
3
Suppose -4*g + 25 + 39 = 0. What is the remainder when 58 is divided by g?
10
Let a = 1 - -1. Suppose 2*l - 3*i = -0*l + 19, 16 = 3*l - a*i. What is the remainder when 3 is divided by l?
1
Let c = -11 + 17. Suppose -29 = -5*i + c. Calculate the remainder when 13 is divided by i.
6
What is the remainder when -2 + 3*(-14)/(-2) is divided by 5?
4
Let d = 1 - -4. Let w(c) = 2*c**2 - 3*c. Let z be w(6). Suppose 39 + z = 3*s - 3*t, 0 = d*s + t - 125. What is the remainder when s is divided by 9?
8
Calculate the remainder when (-2)/(496/252 + -2) is divided by (2 - (-17)/(-3))*-6.
19
Let d be (-1)/((2/1)/(-10)). Suppose -d = -z + 9. What is the remainder when 39 is divided by z?
11
Let m be (2/(-5))/(2/(-10)). Suppose -5*b = 20, 0*s + 4*b = -s + 25. Suppose -m*t + s = 13. What is the remainder when 40 is divided by t?
12
Let d = -10 - -12. Suppose 0 = d*m - 2*z - 20, -z - 17 = -2*m + 1. Calculate the remainder when m is divided by 3.
2
Let q(f) = -200*f. Let k be q(-1). Suppose k = -v + 5*v. Calculate the remainder when v is divided by 13.
11
Let u = 26 - 48. Calculate the remainder when 10 is divided by (-4)/(-16) + u/(-8).
1
Let k(t) = -6*t + 54. Let c(f) = -5*f + 53. Let m(b) = 5*c(b) - 4*k(b). Calculate the remainder when m(0) is divided by 17.
15
Suppose 277 + 272 = 3*d. Let f = d - 102. Suppose 3 = -2*x + f. Calculate the remainder when x is divided by 14.
11
What is the remainder when 44 is divided by 6/4*((-64)/(-6) - 0)?
12
Let h(y) = -12 + 3*y - 6*y + 6*y. Calculate the remainder when 57 is divided by h(9).
12
Let n(h) = -6*h - 52. Suppose u + 0*u - 25 = 2*l, 3*u - 47 = -l. Calculate the remainder when n(-17) is divided by u.
16
Let j = -13 - 13. Let q = -16 - j. What is the remainder when 17 is divided by q?
7
Let h(l) = -8*l - 3. Let x(r) = -9*r - 11. Let v(j) = -8*j - 11. Let u(g) = 6*v(g) - 5*x(g). Calculate the remainder when u(-12) is divided by h(-2).
12
Let s = -24 - -31. Let u = 1 - -3. Suppose 0 = 4*h - 20 + u. What is the remainder when s is divided by h?
3
Let z = -124 + 179. What is the remainder when z is divided by 7?
6
Let o = 15 - 11. Suppose 0 = o*k + k - 25. What is the remainder when 14 is divided by k?
4
Suppose 228 = 2*a - 0*a. Calculate the remainder when a is divided by 13.
10
Suppose -3*x + 21 = r, -2*r + 2*x + 1 = -41. Let l = r + -13. Calculate the remainder when (-44)/(-3) + (-2)/(-6) is divided by l.
7
Let v be (5 + -10)/((-2)/10). Let s = v - -38. Let o = s - 39. What is the remainder when o is divided by 13?
11
Suppose 14*u + 5*u = 1026. What is the remainder when u is divided by 14?
12
Suppose -42 = -0*t - t. Suppose -3*o + 0 + t = 0. Calculate the remainder when 41 is divided by o.
13
Suppose f + 5*w = -7, -f + 5*w = -3*f + 11. Suppose 22 + f = 5*l. Calculate the remainder when 21 is divided by l.
5
Let a(m) = -m**3 + m**2 - m + 15. Let t = -58 + 87. Calculate the remainder when t is divided by a(0).
14
Let h be 3/(-6) - 219/2. Let t be (-14 - -2)/((-2)/(-28)). Let n = h - t. What is the remainder when n is divided by 20?
18
Let q = 14 - -3. Calculate the remainder when q is divided by 3.
2
Let y = -93 - -101. Let v(h) = h**2 + 2*h - 2. Let f be v(-3). What is the remainder when (0 - (-1 - f))*11 is divided by y?
6
Let q(d) = 17*d**2 - 3*d - 3. What is the remainder when q(-3) is divided by 40?
39
Let p(s) = -4*s + 25. Calculate the remainder when 149 is divided by p(0).
24
Suppose -3*r = 3*j - 3 + 6, -r + 4*j = 11. What is the remainder when 3*17 + r + 1 is divided by 17?
15
Let x = -15 + 28. Let d = -32 - -68. What is the remainder when d is divided by x?
10
Let x be -1 + (2 - 4) - -5. Let r(f) = 36*f. Let w be r(x). Suppose q + 2*q = w. Calculate the remainder when q is divided by 13.
11
Let v(l) = 7*l + 11. Let t(d) = 8*d + 10. Let q(j) = 4*t(j) - 5*v(j). Calculate the remainder when 43 is divided by q(-10).
13
Calculate the remainder when 27 is divided by ((-84)/30)/(6/(-15)).
6
Let k = -2 - -6. Suppose -15 - 10 = g - 5*h, -k*h = 3*g - 20. Suppose -3*p + 26 - 8 = g. Calculate the remainder when 11 is divided by p.
5
Let c(z) = -3*z + 19. What is the remainder when c(2) is divided by 7?
6
Let m = 6 - -3. What is the remainder when 14 is divided by m?
5
Let c(n) = 3*n**2 - 5*n + 2. Suppose 2*m = -0*m + 16. What is the remainder when c(3) is divided by m?
6
Suppose 0 = 7*d - 2*d - 105. Calculate the remainder when 81 is divided by d.
18
Suppose -v + 20 = 4. What is the remainder when v is divided by 6?
4
Let n(h) = h**3 + 11*h**2 + 9*h - 4. What is the remainder when 22 is divided by n(-10)?
4
Suppose 0 = k + 4*k - 5. Let u = 5 + -3. Calculate the remainder when u is divided by k.
0
Suppose c = -5*p + 90, 5*p - 4*p - 3*c = 34. Calculate the remainder when p is divided by 11.
8
Let r(d) = d**2 + d + 2. Let h be r(-2). Suppose -2 = -h*l + 4*m + 14, 16 = 3*l - m. What is the remainder when 29 is divided by l?
5
Suppose 5*c = 4*c - 4*t - 8, 4*c - t = 19. Suppose -c*a - 4 = -5*a. Calculate the remainder when 5 is divided by a.
1
Suppose -2*d = d - 36. Suppose -4*h = -20 - d. What is the remainder when 29 is divided by h?
5
Suppose -3*g = -5*d + 51, 5*d - 63 = 4*g - 0*g. What is the remainder when -38*(-1 + (-1)/(-2)) is divided by ((-40)/g)/((-4)/(-6))?
4
Let s(p) = -43*p**3 - p**2 - 2*p - 1. What is the remainder when s(-1) is divided by 11?
10
Suppose -3*n = 4*n - 7. Suppose 1 = 2*x - 1. Calculate the remainder when n is divided by x.
0
Suppose 3*a = 3*v - 6*v + 27, 0 = -2*a + 8. What is the remainder when v is divided by 2?
1
Let p(i) = -i + 18. Let z be p(0). Let y = 33 - z. What is the remainder when y is divided by 6?
3
Let a = 53 - 23. Let h = -20 + a. What is the remainder when 18 is divided by h?
8
Suppose 6*w - 17 - 193 = 0. What is the remainder when w is divided by 13?
9
Let y = 5 - -29. Let w = 0 - -12. Calculate the remainder when y is divided by w.
10
Suppose 2*n = -0*n + 14. Let a = n + -9. What is the remainder when 54 is divided by (-88)/(-6) + a/3?
12
Suppose 20 + 22 = 2*t. Calculate the remainder when 60 is divided by t.
18
Let r = -21 + 38. Suppose -2*n = 2*n - 308. Suppose -n - 123 = -4*x. Calculate the remainder when x is divided by r.
16
Let g(o) = 3*o**2 + o + 2. Suppose 3*s = 6, 6*n = 3*n - 2*s + 46. Calculate the remainder when g(-3) is divided by n.
12
Let b be -2 - 70/3*-3. Suppose 4*x + b - 16 = 0. Let m = x + 22. Calculate the remainder when 25 is divided by m.
7
Suppose -18 = 183*j - 185*j. Calculate the remainder when -1 - 72/(-2) - 0 is divided by j.
8
Let j = 13 + -11. Suppose 0 = -j*q + c + 7, 5*q + 0*c = -3*c + 12. Calculate the remainder when 8 is divided by q.
2
Let b = -5 - -5. Suppose b = -3*s - s + 220. Calculate the remainder when s is divided by 19.
17
Let x = -12 + 34. Let l = -8 + 23. Calculate the remainder when x*-2*(-1 + 0) is divided by l.
14
Let f = 86 - 48. Suppose 2*l - 5*m = 58, -4*l + f = -5*m - 78. What is the remainder when l is divided by 15?
14
Let o(r) = -r - 4. Let k be o(-4). Suppose 4*h - h - 201 = k. Let f = h + -46. What is the remainder when 61 is divided by f?
19
Let s(b) = -8*b + 9. Let t be s(-8). Let p = t - -1. Calculate the remainder when p is divided by 25.
24
Suppose -4*u = 20 - 56. Suppose 4*m + v - 7 = 0, -2 - 7 = -4*m + v. Suppose d - 6 = -m. What is the remainder when u is divided by d?
1
Let u(b) = 11*b - 3. Let s be u(2). Let r = 83 - s. Suppose -5*q = -2*j - 189, 2*q = -0*q - 5*j + r. Calcula